{"id":380,"date":"2017-03-03T19:43:05","date_gmt":"2017-03-03T16:43:05","guid":{"rendered":"http:\/\/mdcs.girisimhane.net\/?page_id=380"},"modified":"2017-03-03T19:43:05","modified_gmt":"2017-03-03T16:43:05","slug":"teknik-bilgiler","status":"publish","type":"page","link":"http:\/\/mdcs.girisimhane.net\/index.php\/teknik-bilgiler\/","title":{"rendered":"Teknik Bilgiler"},"content":{"rendered":"<p>MDCS \u00e7al\u0131\u015fmalar\u0131nda muhtelif yaz\u0131l\u0131mlar kullan\u0131lmaktad\u0131r. Bu yaz\u0131l\u0131mlar\u0131n nas\u0131l kullan\u0131lmas\u0131 gerekti\u011fine ili\u015fkin sunumlar\u0131 ve a\u00e7\u0131klamalar\u0131 bu\u00a0ve alt\u0131ndaki sayfalarda bulabilirsiniz.<\/p>\n","protected":false},"excerpt":{"rendered":"<p>MDCS \u00e7al\u0131\u015fmalar\u0131nda muhtelif yaz\u0131l\u0131mlar kullan\u0131lmaktad\u0131r. Bu yaz\u0131l\u0131mlar\u0131n nas\u0131l kullan\u0131lmas\u0131 gerekti\u011fine ili\u015fkin sunumlar\u0131 ve a\u00e7\u0131klamalar\u0131 bu\u00a0ve alt\u0131ndaki sayfalarda bulabilirsiniz.<\/p>\n","protected":false},"author":1,"featured_media":0,"parent":0,"menu_order":0,"comment_status":"closed","ping_status":"closed","template":"fullwidth.php","meta":{"_mi_skip_tracking":false},"_links":{"self":[{"href":"http:\/\/mdcs.girisimhane.net\/index.php\/wp-json\/wp\/v2\/pages\/380"}],"collection":[{"href":"http:\/\/mdcs.girisimhane.net\/index.php\/wp-json\/wp\/v2\/pages"}],"about":[{"href":"http:\/\/mdcs.girisimhane.net\/index.php\/wp-json\/wp\/v2\/types\/page"}],"author":[{"embeddable":true,"href":"http:\/\/mdcs.girisimhane.net\/index.php\/wp-json\/wp\/v2\/users\/1"}],"replies":[{"embeddable":true,"href":"http:\/\/mdcs.girisimhane.net\/index.php\/wp-json\/wp\/v2\/comments?post=380"}],"version-history":[{"count":1,"href":"http:\/\/mdcs.girisimhane.net\/index.php\/wp-json\/wp\/v2\/pages\/380\/revisions"}],"predecessor-version":[{"id":381,"href":"http:\/\/mdcs.girisimhane.net\/index.php\/wp-json\/wp\/v2\/pages\/380\/revisions\/381"}],"wp:attachment":[{"href":"http:\/\/mdcs.girisimhane.net\/index.php\/wp-json\/wp\/v2\/media?parent=380"}],"curies":[{"name":"wp","href":"https:\/\/api.w.org\/{rel}","templated":true}]}}