{"id":194,"date":"2017-01-22T22:46:13","date_gmt":"2017-01-22T19:46:13","guid":{"rendered":"http:\/\/mdcs.girisimhane.net\/?page_id=194"},"modified":"2017-01-22T23:15:31","modified_gmt":"2017-01-22T20:15:31","slug":"konusmaci","status":"publish","type":"page","link":"http:\/\/mdcs.girisimhane.net\/index.php\/konusmaci\/","title":{"rendered":"Konu\u015fmac\u0131"},"content":{"rendered":"<h1>Haldun Komsuo\u011flu<\/h1>\n<div class=\"csRow\">\n<div class=\"csColumnGap\" style=\"margin: 0px; padding: 0px; float: left; width: 1.56%;\"><img style=\"border: none;\" src=\"http:\/\/mdcs.girisimhane.net\/wp-content\/plugins\/advanced-wp-columns\/assets\/js\/plugins\/views\/img\/1x1-pixel.png\" \/><\/div>\n<div class=\"csColumn\" style=\"margin: 0px; padding: 0px; float: left; width: 26%;\" data-csstartpoint=\"15\" data-csendpoint=\"264.5\" data-cswidth=\"26.0%\" data-csid=\"b645ec93-6bde-5683-87e4-af263c1673c8\">\u00a0<a href=\"https:\/\/www.linkedin.com\/in\/haldunkomsuoglu\"><img loading=\"lazy\" class=\"size-medium wp-image-50 aligncenter\" src=\"http:\/\/mdcs.girisimhane.net\/wp-content\/uploads\/2017\/01\/Haldun-Komsu\u011flu-Head-Shot-290x300.jpg\" alt=\"\" width=\"290\" height=\"300\" srcset=\"http:\/\/mdcs.girisimhane.net\/wp-content\/uploads\/2017\/01\/Haldun-Komsu\u011flu-Head-Shot-290x300.jpg 290w, http:\/\/mdcs.girisimhane.net\/wp-content\/uploads\/2017\/01\/Haldun-Komsu\u011flu-Head-Shot.jpg 582w\" sizes=\"(max-width: 290px) 100vw, 290px\" \/><\/a><\/div>\n<div class=\"csColumnGap\" style=\"margin: 0px; padding: 0px; float: left; width: 2.92%;\"><img style=\"border: none;\" src=\"http:\/\/mdcs.girisimhane.net\/wp-content\/plugins\/advanced-wp-columns\/assets\/js\/plugins\/views\/img\/1x1-pixel.png\" \/><\/div>\n<div class=\"csColumn\" style=\"margin: 0px; padding: 0px; float: left; width: 68%;\" data-csstartpoint=\"292.5\" data-csendpoint=\"945\" data-cswidth=\"68.0%\" data-csid=\"387139fb-0c5b-7ab6-968b-d2182beee823\">\n<p><span style=\"font-size: 14pt;\">Haldun Komsuo\u011flu 1997 senesinde <a href=\"http:\/\/www.metu.edu.tr\">ODT\u00dc<\/a>, <a href=\"https:\/\/eee2.metu.edu.tr\">Elektrik ve Elektronik M\u00fchendisli\u011fi B\u00f6l\u00fcm\u00fcnden<\/a> lisans derecesi tamamlad\u0131ktan sonra robotik teknolojiler \u00fczerine yo\u011funla\u015ft\u0131\u011f\u0131 e\u011fitimini <a href=\"http:\/\/www.umich.edu\">University of Michigan<\/a>, <a href=\"https:\/\/www.eecs.umich.edu\/ai\/\">Elektrik ve Bilgisayar M\u00fchendisli\u011fi<\/a> b\u00f6l\u00fcm\u00fcnde devam etti. Sistem kontrol\u00fc \u00fczerine 1998 senesinde master, ve 2004 senesinde doktora derecelerini ald\u0131. Lisans \u00fcst\u00fc e\u011fitimi sonras\u0131 <a href=\"http:\/\/www.upenn.edu\">University of Pennsylvania<\/a>\u2019da 2008 senesine kadar <a href=\"https:\/\/www.grasp.upenn.edu\">GRASP Lab<\/a>\u2019de ara\u015ft\u0131rma g\u00f6revlisi olarak \u00e7al\u0131\u015ft\u0131. Akademik \u00e7al\u0131\u015fmalar\u0131 esnas\u0131nda <a href=\"http:\/\/www.darpa.mil\">DARPA<\/a> ve <a href=\"http:\/\/www.nsf.gov\/\">NSF<\/a> sponsorlu\u011funda \u00e7ok say\u0131da robotik AR\/GE projesinde bulundu. 2006 senesinde akademik \u00e7al\u0131\u015fmalar\u0131 esnas\u0131nda geli\u015ftirilen teknolojilerin ticarile\u015ftirilmesi \u00fczerine ilk firmas\u0131 olan Sandbox Innovations, Inc.\u2019i kurdu. 2009\u2019da <a href=\"https:\/\/www.bloomberg.com\/profiles\/companies\/9928544Z:US-american-android-corp\">American Andriod, Inc.<\/a>\u2019te ara\u015ft\u0131rmadan sorumlu ba\u015fkan yard\u0131mc\u0131s\u0131 olarak g\u00f6reve ba\u015flad\u0131. Yine ayn\u0131 sene tasar\u0131m ve dan\u0131\u015fmanl\u0131k firmas\u0131 <a href=\"http:\/\/www.robolit.com\">Robolit, LLC<\/a> firmas\u0131n\u0131 kurdu. 2012 senesinde <a href=\"http:\/\/www.robolit.com\">Robolit LLC<\/a>\u2019nin T\u00fcrkiye ofisini a\u00e7t\u0131. 2011 senesinden bu yana <a href=\"http:\/\/www.hoteldrita.com\">Drita Hotel Resort &amp; Spa<\/a> i\u015fletmesinde operasyon ve i\u015f geli\u015ftirmeden sorumlu genel m\u00fcd\u00fcr yard\u0131mc\u0131s\u0131 olarak g\u00f6rev yapmakta olan Haldun Bey Robolit Turkiye b\u00fcnyesinde otel otomasyonu ve derin veri analizi odakl\u0131 yaz\u0131l\u0131m geli\u015ftirmektedir.<\/span><\/p>\n<\/div>\n<div class=\"csColumn\" style=\"margin: 0px; padding: 0px; float: left; width: 68%;\" data-csstartpoint=\"292.5\" data-csendpoint=\"945\" data-cswidth=\"68.0%\" data-csid=\"387139fb-0c5b-7ab6-968b-d2182beee823\"><\/div>\n<div class=\"csColumnGap\" style=\"margin: 0px; padding: 0px; float: left; width: 1.56%;\"><img style=\"border: none;\" src=\"http:\/\/mdcs.girisimhane.net\/wp-content\/plugins\/advanced-wp-columns\/assets\/js\/plugins\/views\/img\/1x1-pixel.png\" \/><\/div>\n<div style=\"clear: both; float: none; display: block; visibility: hidden; width: 0px; font-size: 0px; line-height: 0;\"><\/div>\n<\/div>\n<div class=\"csRow\">\n<div class=\"csColumnGap\" style=\"margin: 0px; padding: 0px; float: left; width: 1.56%;\"><img style=\"border: none;\" src=\"http:\/\/mdcs.girisimhane.net\/wp-content\/plugins\/advanced-wp-columns\/assets\/js\/plugins\/views\/img\/1x1-pixel.png\" \/><\/div>\n<div class=\"csColumn\" style=\"margin: 0px; padding: 0px; float: left; width: 26%;\" data-csstartpoint=\"15\" data-csendpoint=\"264.5\" data-cswidth=\"26.0%\" data-csid=\"85c6ae1f-a0df-fccb-9871-705b47b60bd4\"><a href=\"http:\/\/www.girisimhane.net\"><img loading=\"lazy\" class=\"size-full wp-image-198 aligncenter\" src=\"http:\/\/mdcs.girisimhane.net\/wp-content\/uploads\/2017\/01\/Logo-300x300-Beyaz.png\" alt=\"\" width=\"300\" height=\"300\" srcset=\"http:\/\/mdcs.girisimhane.net\/wp-content\/uploads\/2017\/01\/Logo-300x300-Beyaz.png 300w, http:\/\/mdcs.girisimhane.net\/wp-content\/uploads\/2017\/01\/Logo-300x300-Beyaz-150x150.png 150w\" sizes=\"(max-width: 300px) 100vw, 300px\" \/><\/a><\/div>\n<div class=\"csColumnGap\" style=\"margin: 0px; padding: 0px; float: left; width: 2.92%;\"><img style=\"border: none;\" src=\"http:\/\/mdcs.girisimhane.net\/wp-content\/plugins\/advanced-wp-columns\/assets\/js\/plugins\/views\/img\/1x1-pixel.png\" \/><\/div>\n<div class=\"csColumn\" style=\"margin: 0px; padding: 0px; float: left; width: 68%;\" data-csstartpoint=\"292.5\" data-csendpoint=\"945\" data-cswidth=\"68.0%\" data-csid=\"446bcba4-700e-eccc-906c-0ff2f9b411ea\"><span style=\"font-size: 14pt;\"><strong>Modern Dijital \u0130leti\u015fim Semineri<\/strong> <a href=\"http:\/\/www.hoteldrita.com\">Drita Hotel<\/a> ve <a href=\"http:\/\/www.robolit.com\">Robolit<\/a> ortak \u00e7al\u0131\u015fmas\u0131 olan <a href=\"http:\/\/www.girisimhane.net\">Giri\u015fimhane<\/a> projesinin bir \u00fcr\u00fcn\u00fcd\u00fcr. Giri\u015fimhane, Alanya&#8217;n\u0131n T\u00fcrkiye i\u00e7in bir teknoloji \u00fcretim merkezi olabilece\u011fi tezi ile Alanya konaklama sekt\u00f6r\u00fcnde <em>ger\u00e7ek<\/em> bir alternatif turizm modeli yaratma ve b\u00f6lgeye teknoloji odakl\u0131 yeni i\u015f kollar\u0131n\u0131 getirmeyi hedefleyen, giri\u015fimcili\u011fi ve giri\u015fimciyi destekleyen bir projedir.<\/span><\/div>\n<div class=\"csColumnGap\" style=\"margin: 0px; padding: 0px; float: left; width: 1.56%;\"><img style=\"border: none;\" src=\"http:\/\/mdcs.girisimhane.net\/wp-content\/plugins\/advanced-wp-columns\/assets\/js\/plugins\/views\/img\/1x1-pixel.png\" \/><\/div>\n<div style=\"clear: both; float: none; display: block; visibility: hidden; width: 0px; font-size: 0px; line-height: 0;\"><\/div>\n<\/div>\n<p><br class=\"nc\" \/><br class=\"nc\" \/><\/p>\n","protected":false},"excerpt":{"rendered":"<p>Haldun Komsuo\u011flu \u00a0 Haldun Komsuo\u011flu 1997 senesinde ODT\u00dc, Elektrik ve Elektronik M\u00fchendisli\u011fi B\u00f6l\u00fcm\u00fcnden lisans derecesi tamamlad\u0131ktan sonra robotik teknolojiler \u00fczerine yo\u011funla\u015ft\u0131\u011f\u0131 e\u011fitimini University of Michigan, Elektrik ve Bilgisayar M\u00fchendisli\u011fi b\u00f6l\u00fcm\u00fcnde devam etti. Sistem kontrol\u00fc \u00fczerine 1998 senesinde master, ve 2004 senesinde doktora derecelerini ald\u0131. Lisans \u00fcst\u00fc e\u011fitimi sonras\u0131 University of Pennsylvania\u2019da 2008 senesine kadar GRASP [&hellip;]<\/p>\n","protected":false},"author":1,"featured_media":0,"parent":0,"menu_order":0,"comment_status":"closed","ping_status":"closed","template":"","meta":{"_mi_skip_tracking":false},"_links":{"self":[{"href":"http:\/\/mdcs.girisimhane.net\/index.php\/wp-json\/wp\/v2\/pages\/194"}],"collection":[{"href":"http:\/\/mdcs.girisimhane.net\/index.php\/wp-json\/wp\/v2\/pages"}],"about":[{"href":"http:\/\/mdcs.girisimhane.net\/index.php\/wp-json\/wp\/v2\/types\/page"}],"author":[{"embeddable":true,"href":"http:\/\/mdcs.girisimhane.net\/index.php\/wp-json\/wp\/v2\/users\/1"}],"replies":[{"embeddable":true,"href":"http:\/\/mdcs.girisimhane.net\/index.php\/wp-json\/wp\/v2\/comments?post=194"}],"version-history":[{"count":6,"href":"http:\/\/mdcs.girisimhane.net\/index.php\/wp-json\/wp\/v2\/pages\/194\/revisions"}],"predecessor-version":[{"id":202,"href":"http:\/\/mdcs.girisimhane.net\/index.php\/wp-json\/wp\/v2\/pages\/194\/revisions\/202"}],"wp:attachment":[{"href":"http:\/\/mdcs.girisimhane.net\/index.php\/wp-json\/wp\/v2\/media?parent=194"}],"curies":[{"name":"wp","href":"https:\/\/api.w.org\/{rel}","templated":true}]}}