{"id":127,"date":"2017-01-22T21:12:36","date_gmt":"2017-01-22T18:12:36","guid":{"rendered":"http:\/\/mdcs.girisimhane.net\/?page_id=127"},"modified":"2017-01-22T22:44:44","modified_gmt":"2017-01-22T19:44:44","slug":"seminer-hakkinda","status":"publish","type":"page","link":"http:\/\/mdcs.girisimhane.net\/index.php\/seminer-hakkinda\/","title":{"rendered":"Seminer Hakk\u0131nda"},"content":{"rendered":"<div class=\"csRow\">\n<div class=\"csColumnGap\" style=\"margin: 0px; padding: 0px; float: left; width: 1.56%;\"><img style=\"border: none;\" src=\"http:\/\/mdcs.girisimhane.net\/wp-content\/plugins\/advanced-wp-columns\/assets\/js\/plugins\/views\/img\/1x1-pixel.png\" \/><\/div>\n<\/div>\n<div class=\"csRow\">\n<div class=\"csColumn\" style=\"margin: 0px; padding: 0px; float: left; width: 47.7%;\" data-csstartpoint=\"15\" data-csendpoint=\"472.5\" data-cswidth=\"47.7%\" data-csid=\"5cc6d535-5516-9c00-9c0b-a7debedea94c\"><img class=\"aligncenter\" style=\"width: 100%;\" src=\"http:\/\/mdcs.girisimhane.net\/wp-content\/uploads\/2017\/01\/Tema-Tasar\u0131m-1-300x94.jpeg\" alt=\"\" \/><\/p>\n<h1>Tasar\u0131<\/h1>\n<p><span style=\"font-size: 14pt;\">\u0130leti\u015fimin ba\u015far\u0131s\u0131 verilmek istenen mesaj\u0131n\u00a0hedef kitlenin en kolay ve hatas\u0131z \u015fekilde alg\u0131lanmas\u0131na\u00a0olanak sa\u011flayan \u015fekilde yap\u0131lmas\u0131na ba\u011fl\u0131d\u0131r. Modern ileti\u015fim ara\u00e7lar\u0131n\u0131n kullan\u0131m\u0131 ciddi bir avantajlar sa\u011flasa da ileti\u015fim\u00a0ba\u015far\u0131s\u0131n\u0131 en kuvvetli belirleyen\u00a0mesaj i\u00e7eri\u011finin nas\u0131l derlendi\u011fidir.<\/span><\/p>\n<p><span style=\"font-size: 14pt;\">Bu seminer i\u00e7erisinde grafik tasar\u0131m\u0131n temel \u00f6geleri tan\u0131t\u0131lacak ve \u00f6rnekler \u00fczerinden iyi ve k\u00f6t\u00fc tasar\u0131mlar aras\u0131nda kar\u015f\u0131la\u015ft\u0131rmalar yap\u0131lacakt\u0131r. Kat\u0131l\u0131mc\u0131lar uygulamal\u0131 olarak kendi sanal firmalar\u0131 i\u00e7in ileti\u015fim materyalleri haz\u0131rlayacaklar.<\/span><\/p>\n<\/div>\n<div class=\"csColumnGap\" style=\"margin: 0px; padding: 0px; float: left; width: 1.56%;\"><img style=\"border: none;\" src=\"http:\/\/mdcs.girisimhane.net\/wp-content\/plugins\/advanced-wp-columns\/assets\/js\/plugins\/views\/img\/1x1-pixel.png\" \/><\/div>\n<div class=\"csColumn\" style=\"margin: 0px; padding: 0px; float: left; width: 47.7%;\" data-csstartpoint=\"487.5\" data-csendpoint=\"945\" data-cswidth=\"47.7%\" data-csid=\"4e653fa7-47d4-1f77-8c68-70c7cc7d1966\"><img loading=\"lazy\" width=\"300\" height=\"94\" class=\"wp-image-106 aligncenter\" style=\"width: 100%;\" src=\"http:\/\/mdcs.girisimhane.net\/wp-content\/uploads\/2017\/01\/Tema-Medya-1-300x94.jpeg\" alt=\"\" srcset=\"http:\/\/mdcs.girisimhane.net\/wp-content\/uploads\/2017\/01\/Tema-Medya-1-300x94.jpeg 300w, http:\/\/mdcs.girisimhane.net\/wp-content\/uploads\/2017\/01\/Tema-Medya-1-768x240.jpeg 768w, http:\/\/mdcs.girisimhane.net\/wp-content\/uploads\/2017\/01\/Tema-Medya-1-1024x320.jpeg 1024w, http:\/\/mdcs.girisimhane.net\/wp-content\/uploads\/2017\/01\/Tema-Medya-1.jpeg 1600w\" sizes=\"(max-width: 300px) 100vw, 300px\" \/><\/p>\n<h1>Medya<\/h1>\n<p><span style=\"font-size: 14pt;\">\u0130leti\u015fimde bilgi aktar\u0131m\u0131n\u0131n ger\u00e7ekle\u015ftirildi\u011fi kanal\u0131n se\u00e7imi ve belki de daha da \u00f6nemlisi se\u00e7ilmi\u015f kanal\u0131n \u00e7al\u0131\u015fma do\u011fas\u0131n\u0131n ne oldu\u011funu tam olarak anlamak anahtar bir yer te\u015fkil etmektedir. Facebook, Twitter gibi sosyal medya a\u011flar\u0131n\u0131n y\u00fcksek pop\u00fclerli\u011fi\u00a0onlar\u0131 de\u011ferli ileti\u015fim kanallar\u0131 oldu\u011fu fikrini verse de bu kanallar\u0131n \u00e7al\u0131\u015fma mant\u0131klar\u0131n\u0131n tam anlanmamas\u0131 halinde temel ileti\u015fim amac\u0131na olan katk\u0131lar\u0131n\u0131 s\u0131n\u0131rl\u0131 k\u0131lacakt\u0131r.<\/span><\/p>\n<p><span style=\"font-size: 14pt;\">Bu seminerde sosyal medya kanallar\u0131n\u0131n nas\u0131l \u00e7al\u0131\u015ft\u0131\u011f\u0131, bu \u00e7al\u0131\u015fma prensiplerinin temel ileti\u015fim ama\u00e7lar\u0131na en faydal\u0131 \u015fekilde nas\u0131l kullan\u0131labilece\u011fi ve klasik kullan\u0131m hatalar\u0131ndan nas\u0131l ka\u00e7\u0131n\u0131laca\u011f\u0131 tart\u0131\u015f\u0131lacakt\u0131r.<\/span><\/p>\n<\/div>\n<div class=\"csColumnGap\" style=\"margin: 0px; padding: 0px; float: left; width: 1.56%;\"><img style=\"border: none;\" src=\"http:\/\/mdcs.girisimhane.net\/wp-content\/plugins\/advanced-wp-columns\/assets\/js\/plugins\/views\/img\/1x1-pixel.png\" \/><\/div>\n<div style=\"clear: both; float: none; display: block; visibility: hidden; width: 0px; font-size: 0px; line-height: 0;\"><\/div>\n<\/div>\n<div class=\"csRow\">\n<div class=\"csColumnGap\" style=\"margin: 0px; padding: 0px; float: left; width: 1.56%;\"><img style=\"border: none;\" src=\"http:\/\/mdcs.girisimhane.net\/wp-content\/plugins\/advanced-wp-columns\/assets\/js\/plugins\/views\/img\/1x1-pixel.png\" \/><\/div>\n<div class=\"csColumn\" style=\"margin: 0px; padding: 0px; float: left; width: 47.7%;\" data-csstartpoint=\"15\" data-csendpoint=\"472.5\" data-cswidth=\"47.7%\" data-csid=\"b31b7162-060f-bdab-9e59-445df7e218a0\"><img loading=\"lazy\" width=\"300\" height=\"94\" class=\"wp-image-108 aligncenter\" style=\"width: 100%;\" src=\"http:\/\/mdcs.girisimhane.net\/wp-content\/uploads\/2017\/01\/Tema-Veri-1-300x94.jpeg\" alt=\"\" srcset=\"http:\/\/mdcs.girisimhane.net\/wp-content\/uploads\/2017\/01\/Tema-Veri-1-300x94.jpeg 300w, http:\/\/mdcs.girisimhane.net\/wp-content\/uploads\/2017\/01\/Tema-Veri-1-768x240.jpeg 768w, http:\/\/mdcs.girisimhane.net\/wp-content\/uploads\/2017\/01\/Tema-Veri-1-1024x320.jpeg 1024w, http:\/\/mdcs.girisimhane.net\/wp-content\/uploads\/2017\/01\/Tema-Veri-1.jpeg 1600w\" sizes=\"(max-width: 300px) 100vw, 300px\" \/><\/p>\n<h1>Veri<\/h1>\n<p><span style=\"font-size: 14pt;\">\u0130leti\u015fimin\u00a0\u00e7al\u0131\u015fmalar\u0131n\u0131n ba\u015far\u0131l\u0131 olabilmesi hedef kitleyi tam anlam\u0131 ile tan\u0131may\u0131 ve uygulamlar\u0131n ba\u015far\u0131s\u0131n\u0131n devaml\u0131 olarak \u00f6l\u00e7\u00fclmesini\u00a0gerektirir. 21. y\u00fczy\u0131l\u0131n ilk y\u0131llar\u0131 bu iki temel ihtiyac\u0131n kar\u015f\u0131lanmas\u0131 i\u00e7in gerek duyulan\u00a0<em>verilere<\/em>\u00a0eri\u015fimin inan\u0131lmaz derecede kolayla\u015ft\u0131ran devrimlere sahne oldu. Bu veri devrimini ileti\u015fim politikas\u0131n\u0131 belirleme ve adapte etmede en ba\u015far\u0131l\u0131 kullanan ki\u015filer pazarda \u00f6ne ge\u00e7mek i\u00e7in \u00f6nemli bir avantaj kazan\u0131rlar.<\/span><\/p>\n<p><span style=\"font-size: 14pt;\">Bu seminerde\u00a0veriye nas\u0131l ula\u015fabilece\u011fimiz, edindi\u011fimiz veri i\u00e7erisinden temel e\u011filimleri nas\u0131l hesaplayabilece\u011fimiz ve bu \u00e7al\u0131\u015fmalarda hangi ara\u00e7 ve y\u00f6ntemleri kullanabilece\u011fimiz \u00fczerine bilgiler sunulacak.<\/span><\/p>\n<\/div>\n<div class=\"csColumnGap\" style=\"margin: 0px; padding: 0px; float: left; width: 1.56%;\"><img style=\"border: none;\" src=\"http:\/\/mdcs.girisimhane.net\/wp-content\/plugins\/advanced-wp-columns\/assets\/js\/plugins\/views\/img\/1x1-pixel.png\" \/><\/div>\n<div class=\"csColumn\" style=\"margin: 0px; padding: 0px; float: left; width: 47.7%;\" data-csstartpoint=\"487.5\" data-csendpoint=\"945\" data-cswidth=\"47.7%\" data-csid=\"737946a0-1eae-624c-895c-651f9ecf09bf\"><img loading=\"lazy\" width=\"300\" height=\"94\" class=\"wp-image-105 aligncenter\" style=\"width: 100%;\" src=\"http:\/\/mdcs.girisimhane.net\/wp-content\/uploads\/2017\/01\/Tema-Kod-1-300x94.jpeg\" alt=\"\" srcset=\"http:\/\/mdcs.girisimhane.net\/wp-content\/uploads\/2017\/01\/Tema-Kod-1-300x94.jpeg 300w, http:\/\/mdcs.girisimhane.net\/wp-content\/uploads\/2017\/01\/Tema-Kod-1-768x240.jpeg 768w, http:\/\/mdcs.girisimhane.net\/wp-content\/uploads\/2017\/01\/Tema-Kod-1-1024x320.jpeg 1024w, http:\/\/mdcs.girisimhane.net\/wp-content\/uploads\/2017\/01\/Tema-Kod-1.jpeg 1600w\" sizes=\"(max-width: 300px) 100vw, 300px\" \/><\/p>\n<h1>Kod<\/h1>\n<p><span style=\"font-size: 14pt;\">21. y\u00fczy\u0131l otomasyonun artan bir h\u0131zla hayat\u0131m\u0131z\u0131n her alan\u0131na girdi\u011fine \u015fahit olaca\u011f\u0131m\u0131z bir d\u00f6nem olacak. Yapay zeka ve robotik sadece alt s\u0131n\u0131f i\u015f kollar\u0131n\u0131 de\u011fil art\u0131k orta ve hatta \u00fcst y\u00f6netim pozisyonlar\u0131n\u0131n da yerin de almakla tehdit ediyor. Bu ortamda bireylerin uzun vadedeki profesyonel gelecekleri kendilerinin ne kadar verimli olduklar\u0131na ve dolay\u0131s\u0131 ile \u00e7evrelerindeki teknolojiyi i\u015flerini yapmada ne derece ba\u015far\u0131 ile kullanabildiklerine ba\u011fl\u0131 olacak.<\/span><\/p>\n<p><span style=\"font-size: 14pt;\">Bu seminer i\u00e7erisinde \u00e7ok ama\u00e7l\u0131 bir programlama dilinin nas\u0131l \u00e7al\u0131\u015ft\u0131\u011f\u0131 tan\u0131t\u0131lacak ve uygulamal\u0131 projeler ile bilgisayar programlaman\u0131n ileti\u015fim \u00e7al\u0131\u015fmalar\u0131nda bireysel verimimizi nas\u0131l art\u0131rabilece\u011fi g\u00f6sterilecek.<\/span><\/p>\n<\/div>\n<div class=\"csColumnGap\" style=\"margin: 0px; padding: 0px; float: left; width: 1.56%;\"><img style=\"border: none;\" src=\"http:\/\/mdcs.girisimhane.net\/wp-content\/plugins\/advanced-wp-columns\/assets\/js\/plugins\/views\/img\/1x1-pixel.png\" \/><\/div>\n<div style=\"clear: both; float: none; display: block; visibility: hidden; width: 0px; font-size: 0px; line-height: 0;\"><\/div>\n<\/div>\n<div class=\"csRow\">\n<div class=\"csColumnGap\" style=\"margin: 0px; padding: 0px; float: left; width: 1.56%;\"><img style=\"border: none;\" src=\"http:\/\/mdcs.girisimhane.net\/wp-content\/plugins\/advanced-wp-columns\/assets\/js\/plugins\/views\/img\/1x1-pixel.png\" \/><\/div>\n<div class=\"csColumn\" style=\"margin: 0px; padding: 0px; float: left; width: 47.7%;\" data-csstartpoint=\"15\" data-csendpoint=\"472.5\" data-cswidth=\"47.7%\" data-csid=\"79edeb6d-1c70-9f10-ba7a-e4b019ad8fc7\"><img loading=\"lazy\" width=\"300\" height=\"94\" class=\"wp-image-103 aligncenter\" style=\"width: 100%;\" src=\"http:\/\/mdcs.girisimhane.net\/wp-content\/uploads\/2017\/01\/Tema-Sertifika-300x94.jpeg\" alt=\"\" srcset=\"http:\/\/mdcs.girisimhane.net\/wp-content\/uploads\/2017\/01\/Tema-Sertifika-300x94.jpeg 300w, http:\/\/mdcs.girisimhane.net\/wp-content\/uploads\/2017\/01\/Tema-Sertifika-768x240.jpeg 768w, http:\/\/mdcs.girisimhane.net\/wp-content\/uploads\/2017\/01\/Tema-Sertifika-1024x320.jpeg 1024w, http:\/\/mdcs.girisimhane.net\/wp-content\/uploads\/2017\/01\/Tema-Sertifika.jpeg 1600w\" sizes=\"(max-width: 300px) 100vw, 300px\" \/><\/p>\n<h1>Sertifika<\/h1>\n<p><span style=\"font-size: 14pt;\">Seminer serisinin tamam\u0131na kat\u0131lan ve bu \u00e7al\u0131\u015fma esnas\u0131nda uygulamalar\u0131\u00a0projeleri ba\u015far\u0131 ile tamamlayan kat\u0131l\u0131mc\u0131lar\u00a0<a href=\"http:\/\/alanya.edu.tr\">Alaaddin Keykubat \u00dcniversitesi<\/a>\u00a0taraf\u0131ndan verilecek\u00a0Dijital \u0130leti\u015fim E\u011fitim Sertifikas\u0131\u00a0almaya hak kazanacaklard\u0131r.<\/span><\/p>\n<\/div>\n<div class=\"csColumnGap\" style=\"margin: 0px; padding: 0px; float: left; width: 1.56%;\"><img style=\"border: none;\" src=\"http:\/\/mdcs.girisimhane.net\/wp-content\/plugins\/advanced-wp-columns\/assets\/js\/plugins\/views\/img\/1x1-pixel.png\" \/><\/div>\n<div class=\"csColumn\" style=\"margin: 0px; padding: 0px; float: left; width: 47.7%;\" data-csstartpoint=\"487.5\" data-csendpoint=\"945\" data-cswidth=\"47.7%\" data-csid=\"e2385978-4d97-2108-b447-e77785cb22fe\"><img loading=\"lazy\" width=\"300\" height=\"94\" class=\"wp-image-110 aligncenter\" style=\"width: 100%;\" src=\"http:\/\/mdcs.girisimhane.net\/wp-content\/uploads\/2017\/01\/Tema-\u0130\u015f-300x94.jpeg\" alt=\"\" srcset=\"http:\/\/mdcs.girisimhane.net\/wp-content\/uploads\/2017\/01\/Tema-\u0130\u015f-300x94.jpeg 300w, http:\/\/mdcs.girisimhane.net\/wp-content\/uploads\/2017\/01\/Tema-\u0130\u015f-768x240.jpeg 768w, http:\/\/mdcs.girisimhane.net\/wp-content\/uploads\/2017\/01\/Tema-\u0130\u015f-1024x320.jpeg 1024w, http:\/\/mdcs.girisimhane.net\/wp-content\/uploads\/2017\/01\/Tema-\u0130\u015f.jpeg 1600w\" sizes=\"(max-width: 300px) 100vw, 300px\" \/><\/p>\n<h1>\u0130\u015f Olana\u011f\u0131<\/h1>\n<p><span style=\"font-size: 14pt;\">Uygulamal\u0131 proje \u00e7al\u0131\u015fmalar\u0131nda en y\u00fcksek ba\u015far\u0131 g\u00f6steren kat\u0131l\u0131mc\u0131\u00a0<a href=\"http:\/\/hoteldrita.com\">Drita Hotel<\/a>\u00a0b\u00fcnyesinde\u00a0<strong>Dijital \u0130leti\u015fim Sorumlusu<\/strong>\u00a0olarak bu seminer serisinin e\u011fitmeni ile beraber \u00e7al\u0131\u015fma f\u0131rsat\u0131n\u0131 yakalayacak.<\/span><\/p>\n<p><span style=\"font-size: 14pt;\">Seminer serisini eksiksiz takip eden\u00a0ve bu \u00e7al\u0131\u015fma esnas\u0131nda \u00f6\u011frenme isteklerini, bilgiye ula\u015fma kabiliyetlerini ve\u00a0verilen uygulamal\u0131 projelerde yarat\u0131c\u0131l\u0131klar\u0131n\u0131 g\u00f6steren t\u00fcm kat\u0131l\u0131mc\u0131lara 2017 yaz sezonunda Alanya b\u00f6lgesi otellerinde i\u015f imkan\u0131 sunulacak.<\/span><\/p>\n<\/div>\n<div class=\"csColumnGap\" style=\"margin: 0px; padding: 0px; float: left; width: 1.56%;\"><img style=\"border: none;\" src=\"http:\/\/mdcs.girisimhane.net\/wp-content\/plugins\/advanced-wp-columns\/assets\/js\/plugins\/views\/img\/1x1-pixel.png\" \/><\/div>\n<div style=\"clear: both; float: none; display: block; visibility: hidden; width: 0px; font-size: 0px; line-height: 0;\"><\/div>\n<\/div>\n","protected":false},"excerpt":{"rendered":"<p>Tasar\u0131 \u0130leti\u015fimin ba\u015far\u0131s\u0131 verilmek istenen mesaj\u0131n\u00a0hedef kitlenin en kolay ve hatas\u0131z \u015fekilde alg\u0131lanmas\u0131na\u00a0olanak sa\u011flayan \u015fekilde yap\u0131lmas\u0131na ba\u011fl\u0131d\u0131r. Modern ileti\u015fim ara\u00e7lar\u0131n\u0131n kullan\u0131m\u0131 ciddi bir avantajlar sa\u011flasa da ileti\u015fim\u00a0ba\u015far\u0131s\u0131n\u0131 en kuvvetli belirleyen\u00a0mesaj i\u00e7eri\u011finin nas\u0131l derlendi\u011fidir. Bu seminer i\u00e7erisinde grafik tasar\u0131m\u0131n temel \u00f6geleri tan\u0131t\u0131lacak ve \u00f6rnekler \u00fczerinden iyi ve k\u00f6t\u00fc tasar\u0131mlar aras\u0131nda kar\u015f\u0131la\u015ft\u0131rmalar yap\u0131lacakt\u0131r. Kat\u0131l\u0131mc\u0131lar uygulamal\u0131 olarak kendi [&hellip;]<\/p>\n","protected":false},"author":1,"featured_media":0,"parent":0,"menu_order":0,"comment_status":"closed","ping_status":"closed","template":"","meta":{"_mi_skip_tracking":false},"_links":{"self":[{"href":"http:\/\/mdcs.girisimhane.net\/index.php\/wp-json\/wp\/v2\/pages\/127"}],"collection":[{"href":"http:\/\/mdcs.girisimhane.net\/index.php\/wp-json\/wp\/v2\/pages"}],"about":[{"href":"http:\/\/mdcs.girisimhane.net\/index.php\/wp-json\/wp\/v2\/types\/page"}],"author":[{"embeddable":true,"href":"http:\/\/mdcs.girisimhane.net\/index.php\/wp-json\/wp\/v2\/users\/1"}],"replies":[{"embeddable":true,"href":"http:\/\/mdcs.girisimhane.net\/index.php\/wp-json\/wp\/v2\/comments?post=127"}],"version-history":[{"count":23,"href":"http:\/\/mdcs.girisimhane.net\/index.php\/wp-json\/wp\/v2\/pages\/127\/revisions"}],"predecessor-version":[{"id":192,"href":"http:\/\/mdcs.girisimhane.net\/index.php\/wp-json\/wp\/v2\/pages\/127\/revisions\/192"}],"wp:attachment":[{"href":"http:\/\/mdcs.girisimhane.net\/index.php\/wp-json\/wp\/v2\/media?parent=127"}],"curies":[{"name":"wp","href":"https:\/\/api.w.org\/{rel}","templated":true}]}}